187120223 composite?
True
Is 5316515 composite?
True
Is 52902141 a composite number?
True
Is 1314847 a composite number?
True
Is 51736883 prime?
False
Is 479807 a prime number?
False
Is 163655449 a composite number?
False
Is 25341289 a composite number?
False
Is 390446009 composite?
True
Is 75883 composite?
False
Is 1037409553 a composite number?
False
Is 113688139 a prime number?
True
Is 19022317 a prime number?
True
Is 131225639 a prime number?
True
Is 266874427 a composite number?
False
Is 735685 a composite number?
True
Is 104683151 prime?
True
Is 34081969 a prime number?
False
Is 885563059 a composite number?
True
Is 133278947 composite?
True
Is 24354481 composite?
False
Is 121215019 a prime number?
True
Is 47380373 prime?
True
Is 7786263 a prime number?
False
Is 143997277 a composite number?
False
Is 469963 a prime number?
False
Is 10943663 composite?
True
Is 2130523 a composite number?
False
Is 522301 prime?
False
Is 6942119 prime?
True
Is 13260647 a composite number?
False
Is 352915 composite?
True
Is 11481619 composite?
False
Is 65029531 a prime number?
False
Is 233719769 prime?
True
Is 251773069 composite?
True
Is 2062747 prime?
True
Is 18790399 composite?
False
Is 10846193 a prime number?
True
Is 264487 prime?
True
Is 33750659 prime?
False
Is 80443703 composite?
True
Is 6510386 a prime number?
False
Is 11497417 a composite number?
True
Is 1652433 prime?
False
Is 14374727 prime?
False
Is 709903 a composite number?
True
Is 520867 composite?
False
Is 9352991 composite?
True
Is 9712191 a prime number?
False
Is 122257231 a prime number?
True
Is 2201159 composite?
True
Is 297281 a prime number?
False
Is 38860189 composite?
False
Is 12414683 prime?
False
Is 59611 a prime number?
True
Is 287736557 a prime number?
True
Is 302360297 composite?
True
Is 2055247 prime?
True
Is 3897443 a composite number?
True
Is 2513503 a prime number?
True
Is 35093963 a prime number?
False
Is 33161563 a composite number?
True
Is 2479463 a prime number?
False
Is 27848339 a composite number?
False
Is 4072967 a composite number?
False
Is 54138499 a prime number?
False
Is 4244963 prime?
True
Is 2160337 a prime number?
True
Is 72147463 prime?
True
Is 11683361 prime?
True
Is 2185619 prime?
True
Is 11790113 a prime number?
True
Is 8809979 composite?
True
Is 33893653 a prime number?
False
Is 434733567 prime?
False
Is 11201557 prime?
False
Is 5707679 a composite number?
False
Is 3500747 prime?
True
Is 461192701 a prime number?
True
Is 34055447 prime?
True
Is 34099189 prime?
False
Is 169076153 composite?
False
Is 1879051 composite?
True
Is 637739 a prime number?
False
Is 2300357 a composite number?
False
Is 32000741 prime?
False
Is 11077223 prime?
False
Is 15066607 a prime number?
False
Is 28915259 composite?
False
Is 3907963 a composite number?
False
Is 1172986 a composite number?
True
Is 54133 prime?
True
Is 499627993 a prime number?
True
Is 8911547 a prime number?
True
Is 11579714 prime?
False
Is 141739 composite?
True
Is 856981 prime?
False
Is 41995853 prime?
False
Is 1174021 a prime number?
True
Is 45310939 a composite number?
False
Is 50313353 a composite number?
True
Is 210901 composite?
False
Is 8191567 composite?
True
Is 30475763 prime?
True
Is 1310969 a prime number?
False
Is 4857778 a composite number?
True
Is 4855471 a prime number?
True
Is 3788927 a composite number?
True
Is 77713019 a prime number?
True
Is 39029579 a composite number?
False
Is 2639599 a composite number?
True
Is 848627683 a composite number?
True
Is 110471113 prime?
False
Is 3640381 a prime number?
False
Is 258481 composite?
True
Is 54644039 a composite number?
False
Is 5401507 composite?
False
Is 6550361 a prime number?
True
Is 32288059 composite?
False
Is 5589071 composite?
True
Is 14958353 composite?
True
Is 112155299 a composite number?
True
Is 23357293 a prime number?
False
Is 10871351 prime?
True
Is 14230805 composite?
True
Is 3676237 prime?
True
Is 5404339 composite?
False
Is 359586431 prime?
False
Is 4255027 composite?
True
Is 775355623 a composite number?
True
Is 21451637 composite?
True
Is 26457573 composite?
True
Is 83055961 a prime number?
False
Is 28480211 a composite number?
True
Is 158646451 composite?
False
Is 172243 a prime number?
True
Is 3370481 composite?
False
Is 1366363 composite?
True
Is 2011897 a prime number?
True
Is 200855443 composite?
False
Is 29923027 a composite number?
True
Is 22304995 composite?
True
Is 7612459 prime?
False
Is 8150539 prime?
True
Is 37745067 a composite number?
True
Is 1664251 prime?
True
Is 162276313 a composite number?
False
Is 9928537 prime?
True
Is 2603759 composite?
False
Is 395255717 a composite number?
False
Is 26233489 a composite number?
False
Is 6534859 a prime number?
True
Is 49094263 a composite number?
True
Is 915289 a prime number?
False
Is 14392559 prime?
True
Is 8832767 a prime number?
False
Is 12796507 a prime number?
True
Is 29746859 a composite number?
True
Is 151740887 composite?
False
Is 4921567 prime?
False
Is 10253599 a prime number?
False
Is 11878409 prime?
True
Is 6466403 a prime number?
False
Is 308267003 prime?
False
Is 33975829 composite?
False
Is 122879609 composite?
True
Is 4219681 a composite number?
False
Is 101250797 a composite number?
True
Is 6946061 a composite number?
False
Is 236580259 composite?
False
Is 937309 a prime number?
False
Is 20325511 prime?
True
Is 4530923 prime?
False
Is 47231601 a composite number?
True
Is 72790699 prime?
False
Is 7339993 a prime number?
False
Is 2728057 a prime number?
False
Is 42745777 prime?
True
Is 41495889 a composite number?
True
Is 1959361 composite?
False
Is 84774373 composite?
False
Is 18749305 prime?
False
Is 68170303 composite?
True
Is 11169151 composite?
True
Is 702193 prime?
True
Is 56836331 prime?
True
Is 3451061 a composite number?
False
Is 65579 composite?
False
Is 849329591 a prime number?
False
Is 679293829 a prime number?
False
Is 449256419 a prime number?
True
Is 39367883 a composite number?
False
Is 21666677 composite?
False
Is 8007955 a prime number?
False
Is 47306911 a composite number?
False
Is 1358236931 composite?
True
Is 9183769 a composite number?
True
Is 1039387 a composite number?
False
Is 959611 composite?
True
Is 1201349 prime?
False
Is 46399747 prime?
True
Is 120110671 a composite number?
False
Is 17162578 composite?
True
Is 37550687 prime?
False
Is 6116401 composite?
False
Is 3459373 prime?
True
Is 6088647 a composite number?
True
Is 1358561 a prime number?
True
Is 17980141 prime?
True
Is 22613069 composite?
True
Is 667210391 a prime number?
True
Is 216848771 prime?
True
Is 884267 a prime number?
True
Is 41145569 composite?
False
Is 142486203 composite?
True
Is 5259147 a prime number?
False
Is 388407281 a prime number?
True
Is 635021 a composite number?
False
Is 7238999 a composite number?
False
Is 211613321 a composite number?
False
Is 14437 prime?
True
Is 33511747 prime?
False
Is 65858447 a prime number?
False
Is 1148887 a composite number?
True
Is 6026543 prime?
True
Is 46685291 prime?
True
Is 115727 a prime number?
True
Is 38416523 prime?
True
Is 145741 a composite number?
True
Is 24128723 a composite number?
True
Is 2411543 prime?
True
Is 12160465 a composite number?
True
Is 285375121 composite?
False
Is 298791817 prime?
True
Is 1101467 a composite number?
False
Is 751609 composite?
False
Is 12150843 a composite number?
True
Is 11366171 a composite number?
False
Is 5966187 a prime number?
False
Is 27495779 composite?
False
Is 75053129 a prime number?
True
Is 23171479 a prime number?
False
Is 34551005 composite?
True
Is 2864119 a composite number?
True
Is 5437862 a composite number?
True
Is 76446886 a prime number?
False
Is 1051601 a prime number?
True
Is 7946777 a prime number?
True
Is 481644778 a prime number?
False
Is 763771 a composite number?
False
Is 128160607 composite?
False
Is 671401 prime?
True
Is 212039 a composite number?
False
Is 137256491 a composite number?
False
Is 50938967 a prime number?
False
Is 2422597 a composite number?
True
Is 270467609 a composite number?
False
Is 250879787 a prime number?
True
Is 364600069 composite?
False
Is 110788651 prime?
True
Is 5738921 composite?
True
Is 7301551 prime?
False
Is 79490581 prime?
True
Is 31512497 prime?
False
Is 1672079 a prime number?
True
Is 1160930011 composite?
False
